{"id":732,"date":"2023-02-21T23:30:05","date_gmt":"2023-02-21T23:30:05","guid":{"rendered":"https:\/\/www.minaverde.com.do\/?product=inventario-obsoleto-minero"},"modified":"2023-02-21T23:30:05","modified_gmt":"2023-02-21T23:30:05","slug":"inventario-obsoleto-minero","status":"publish","type":"product","link":"https:\/\/www.minaverde.com.do\/?product=inventario-obsoleto-minero","title":{"rendered":"Inventario Obsoleto Minero"},"content":{"rendered":"<p data-mce-style=\"box-sizing: inherit; -webkit-font-smoothing: antialiased; margin: 0px 0px 15px; padding: 0px; border: 0px; font-variant-numeric: inherit; font-variant-east-asian: inherit; font-stretch: inherit; line-height: inherit; font-family: Montserrat, Helvetica, Arial, sans-serif; vertical-align: baseline; color: #000000;\" style=\"margin: 0px 0px 15px;padding: 0px;border: 0px;line-height: inherit;font-family: Montserrat, Helvetica, Arial, sans-serif;vertical-align: baseline\">Inventario obsoleto minero en la regi\u00f3n Norte del pa\u00eds.\u00a0<\/p>\n<p>Normas para Oferta por Equipos:<\/p>\n<ul>\n<li>Para participar debe buscar los equipos. En caso de utilizar gr\u00faas o alg\u00fan veh\u00edculo de remolque correr\u00e1 por su cuenta.<\/li>\n<li>Debe hacer una oferta global que abarque todos los equipos de las im\u00e1genes.<\/li>\n<\/ul>\n<p data-mce-style=\"box-sizing: inherit; -webkit-font-smoothing: antialiased; margin: 0px 0px 15px; padding: 0px; border: 0px; font-variant-numeric: inherit; font-variant-east-asian: inherit; font-stretch: inherit; line-height: inherit; font-family: Montserrat, Helvetica, Arial, sans-serif; vertical-align: baseline; color: #000000;\" style=\"margin: 0px 0px 15px;padding: 0px;border: 0px;line-height: inherit;font-family: Montserrat, Helvetica, Arial, sans-serif;vertical-align: baseline\">Normas para Oferta de Chatarra:<\/p>\n<ul>\n<li data-mce-style=\"box-sizing: inherit; -webkit-font-smoothing: antialiased; border: 0px; font-variant-numeric: inherit; font-variant-east-asian: inherit; font-stretch: inherit; line-height: inherit; font-family: Montserrat, Helvetica, Arial, sans-serif; vertical-align: baseline; color: #000000;\" style=\"border: 0px;line-height: inherit;font-family: Montserrat, Helvetica, Arial, sans-serif;vertical-align: baseline\">Para participar debe ofrecer los servicios de corte, montaje en los furgones, pesado y costos de gesti\u00f3n aduanal, as\u00ed como disponer de los neum\u00e1ticos.<\/li>\n<li data-mce-style=\"box-sizing: inherit; -webkit-font-smoothing: antialiased; border: 0px; font-variant-numeric: inherit; font-variant-east-asian: inherit; font-stretch: inherit; line-height: inherit; font-family: Montserrat, Helvetica, Arial, sans-serif; vertical-align: baseline; color: #000000;\" style=\"border: 0px;line-height: inherit;font-family: Montserrat, Helvetica, Arial, sans-serif;vertical-align: baseline\">El monto a pagar por el material depender\u00e1 del pesado final, las toneladas descritas aqu\u00ed son aproximadas.<\/li>\n<\/ul>\n<p data-mce-style=\"box-sizing: inherit; -webkit-font-smoothing: antialiased; margin: 0px; padding: 0px; border: 0px; font-variant-numeric: inherit; font-variant-east-asian: inherit; font-stretch: inherit; line-height: inherit; font-family: Montserrat, Helvetica, Arial, sans-serif; vertical-align: baseline; color: #000000;\" style=\"margin: 0px;padding: 0px;border: 0px;line-height: inherit;font-family: Montserrat, Helvetica, Arial, sans-serif;vertical-align: baseline\">Equipo Mina Verde.<\/p>\n","protected":false},"excerpt":{"rendered":"<p><br data-mce-bogus=\"1\"><\/p>\n","protected":false},"featured_media":730,"comment_status":"open","ping_status":"closed","template":"","meta":{"_joinchat":[]},"product_brand":[],"product_cat":[],"product_tag":[],"class_list":{"0":"post-732","1":"product","2":"type-product","3":"status-publish","4":"has-post-thumbnail","6":"uwa_auction_status_expired","8":"first","9":"instock","10":"virtual","11":"sold-individually","12":"taxable","13":"purchasable","14":"product-type-auction"},"jetpack-related-posts":[],"jetpack_sharing_enabled":true,"_links":{"self":[{"href":"https:\/\/www.minaverde.com.do\/index.php?rest_route=\/wp\/v2\/product\/732","targetHints":{"allow":["GET"]}}],"collection":[{"href":"https:\/\/www.minaverde.com.do\/index.php?rest_route=\/wp\/v2\/product"}],"about":[{"href":"https:\/\/www.minaverde.com.do\/index.php?rest_route=\/wp\/v2\/types\/product"}],"replies":[{"embeddable":true,"href":"https:\/\/www.minaverde.com.do\/index.php?rest_route=%2Fwp%2Fv2%2Fcomments&post=732"}],"wp:featuredmedia":[{"embeddable":true,"href":"https:\/\/www.minaverde.com.do\/index.php?rest_route=\/wp\/v2\/media\/730"}],"wp:attachment":[{"href":"https:\/\/www.minaverde.com.do\/index.php?rest_route=%2Fwp%2Fv2%2Fmedia&parent=732"}],"wp:term":[{"taxonomy":"product_brand","embeddable":true,"href":"https:\/\/www.minaverde.com.do\/index.php?rest_route=%2Fwp%2Fv2%2Fproduct_brand&post=732"},{"taxonomy":"product_cat","embeddable":true,"href":"https:\/\/www.minaverde.com.do\/index.php?rest_route=%2Fwp%2Fv2%2Fproduct_cat&post=732"},{"taxonomy":"product_tag","embeddable":true,"href":"https:\/\/www.minaverde.com.do\/index.php?rest_route=%2Fwp%2Fv2%2Fproduct_tag&post=732"}],"curies":[{"name":"wp","href":"https:\/\/api.w.org\/{rel}","templated":true}]}}